10223
In base 8, what is 327071 - -222?
327313
In base 14, what is 52b7c + 2?
52b80
In base 10, what is 300 + -56342?
-56042
In base 14, what is 1339b2 - 5c?
133954
In base 16, what is -13 - -6b0c5b?
6b0c48
In base 2, what is -10 + 11001001100011100000100?
11001001100011100000010
In base 8, what is -10 - -56626211?
56626201
In base 14, what is -5 - -da716?
da711
In base 7, what is -504664110 + 1?
-504664106
In base 15, what is 4506c + -d?
4505e
In base 15, what is 3 + -36a4d0?
-36a4cc
In base 4, what is -2 + 31102332313?
31102332311
In base 3, what is -11001102101220001 - -11?
-11001102101212220
In base 15, what is -b47 - -17a3?
b5b
In base 13, what is 70453306 + -5?
70453301
In base 7, what is 2 - -251106212?
251106214
In base 4, what is 30 + 3003312013?
3003312103
In base 3, what is -1011 - -221101021112122?
221101021111111
In base 16, what is 4 - -20a5ce?
20a5d2
In base 14, what is 3 - 3aa86b?
-3aa868
In base 16, what is -61dc74c7 + 4?
-61dc74c3
In base 10, what is 2086731 - -1?
2086732
In base 11, what is 4 + 2a438244?
2a438248
In base 10, what is -55594 + -1358?
-56952
In base 11, what is 1155041 + 6?
1155047
In base 4, what is 110112 + -3211303?
-3101131
In base 3, what is -1120120 + 20101?
-1100012
In base 14, what is -1662 - 123?
-1785
In base 4, what is -1133 + -112111220?
-112113013
In base 3, what is -1102 - 22120012001?
-22120020110
In base 5, what is 1 - 344413411?
-344413410
In base 9, what is 41472537 - -16?
41472554
In base 14, what is -20b - 10944?
-10b51
In base 15, what is aa065 - -179?
aa1de
In base 15, what is 2 + 475698?
47569a
In base 15, what is -e086 - -95?
-dee1
In base 3, what is 20212 - 211020201211?
-211020110222
In base 3, what is 1220212121102 - -1?
1220212121110
In base 4, what is -110320 - 12300301?
-13011221
In base 12, what is 333 - 697b0?
-69479
In base 9, what is -130728 - -46?
-130672
In base 16, what is 2b4 + 3371?
3625
In base 7, what is -5 + -1455201321?
-1455201326
In base 15, what is -24 + ca5b74?
ca5b50
In base 15, what is -1134e2 + 2?
-1134e0
In base 6, what is 40421013 - -21?
40421034
In base 13, what is -337495a0 - -3?
-3374959a
In base 8, what is -16 - -14636030?
14636012
In base 10, what is -17 - -6280109?
6280092
In base 13, what is -5c645 - 1?
-5c646
In base 6, what is 2052310502 - -3?
2052310505
In base 5, what is 3 - -244244314422?
244244314430
In base 11, what is -98 + -5608?
-56a5
In base 13, what is 2 + -1176843?
-1176841
In base 7, what is -5001 + 235254?
230253
In base 13, what is 987a9 + -1a?
9878c
In base 11, what is 2768 - -133?
28a0
In base 11, what is -12 + a5742a?
a57418
In base 12, what is -65a370a0 + 5?
-65a37097
In base 11, what is -7 - 544415?
-544421
In base 14, what is 7d - -722?
7a1
In base 13, what is -b53bbc + 4?
-b53bb8
In base 7, what is 13 - -115613?
115626
In base 15, what is 2 - -95564b7?
95564b9
In base 14, what is a91 - -19391?
1a042
In base 9, what is -471527 - 2510?
-474137
In base 2, what is 11101001 + 1011011100101?
1011111001110
In base 12, what is -1b3b8644 - -12?
-1b3b8632
In base 15, what is 0 + a92b541?
a92b541
In base 2, what is 1011111010 + 110101111110000?
110111011101010
In base 9, what is -676826 - -5?
-676821
In base 2, what is 1001111111111111011 - 110?
1001111111111110101
In base 5, what is -3342 + -1324401?
-1333243
In base 14, what is -18400 + 4?
-183da
In base 4, what is -30220202 - -1003120?
-23211022
In base 15, what is e726c - -b4?
e7331
In base 10, what is -7074324 + -8?
-7074332
In base 12, what is 0 - 11983878?
-11983878
In base 11, what is 8 + 10?
18
In base 14, what is -1c - -358415?
3583d7
In base 13, what is 13 + 3b5b40?
3b5b53
In base 2, what is 100110010101101 - 10010111010?
100011111110011
In base 5, what is -4 + 241412040421?
241412040412
In base 14, what is 1963 - 446?
151b
In base 3, what is -2111100221 - 10200110?
-2122001101
In base 15, what is -40a62 + 57?
-40a0a
In base 2, what is 101001010100001010011 + -100001?
101001010100000110010
In base 11, what is 1 - 36784015?
-36784014
In base 7, what is 16 + -61552?
-61533
In base 5, what is 402023 + -41334?
310134
In base 2, what is -11001110011111111110110 - 100100?
-11001110100000000011010
In base 9, what is -480621 + 13?
-480607
In base 16, what is 2f1e23 + -58?
2f1dcb
In base 9, what is -1151 + -740304?
-741455
In base 16, what is 162356 + 0?
162356
In base 7, what is 2320 + 164562?
200212
In base 16, what is 220a4 + -67?
2203d
In base 2, what is -11010101101000001 - 1010001?
-11010101110010010
In base 15, what is 18761 + -40b4?
1469c
In base 15, what is -1 + -50a637?
-50a638
In base 3, what is 1221112 + -111120020012?
-111111021200
In base 14, what is b9 + -1234d?
-12274
In base 5, what is 142 - 1024434312?
-1024434120
In base 6, what is -241120455 - 31?
-241120530
In base 7, what is -155413 - 51?
-155464
In base 12, what is 297 + -388b59?
-388882
In base 15, what is 7cac - -182b?
95d8
In base 7, what is 3 + 1043133011?
1043133014
In base 13, what is 91 + 1a727?
1a7b8
In base 12, what is -b + -4201271?
-4201280
In base 13, what is 9 - 4ac8981?
-4ac8975
In base 10, what is 0 - -9947193?
9947193
In base 7, what is 606 + 1211201?
1212110
In base 12, what is 8588b39 + -2?
8588b37
In base 10, what is 1 + -49554297?
-49554296
In base 12, what is -182 + 192a?
1768
In base 9, what is 16176 - -28?
16215
In base 14, what is 26 - 170546?
-170520
In base 6, what is 4213 + -4423352?
-4415135
In base 5, what is 11 + -122120?
-122104
In base 8, what is -331421 + 31?
-331370
In base 3, what is -2 - 1210022002111220?
-1210022002111222
In base 2, what is -1001100000100 + 10011011?
-1001001101001
In base 6, what is -1054015443 + -10?
-1054015453
In base 13, what is 17ac - 33874?
-32095
In base 7, what is 14255060360 - 1?
14255060356
In base 9, what is -135140 + 3663?
-131366
In base 15, what is -19 + 12bce26?
12bce0c
In base 13, what is -2c0a + 1b651?
18744
In base 9, what is 1236 - 170088?
-167752
In base 10, what is -1584 - 34321?
-35905
In base 11, what is 7183414 + 90?
71834a4
In base 8, what is -13215376 - 2?
-13215400
In base 16, what is 20 + -753d5?
-753b5
In base 14, what is 256 + 15c54?
160aa
In base 4, what is -21113302023323 + 0?
-21113302023323
In base 7, what is -433552 - -1410?
-432142
In base 14, what is 12a1244 - 44?
12a1200
In base 6, what is -2 - -12545453524?
12545453522
In base 11, what is 241 + -115725?
-115494
In base 5, what is -2 + -104242013?
-104242020
In base 4, what is -1 + 1123110332133?
1123110332132
In base 6, what is 1322025 - -5302?
1331331
In base 13, what is -18 - -2b220?
2b205
In base 15, what is -517b2 - -707?
-510aa
In base 13, what is -4 - 168c3a6?
-168c3aa
In base 3, what is -12 + -1111202010200211?
-1111202010201000
In base 15, what is -1e32 - 8173?
-a0a5
In base 7, what is -3 + -6154111006?
-6154111012
In base 5, what is 10 + 12241210?
12241220
In base 2, what is -1000101000 + 110001111111100001?
110001110110111001
In base 16, what is 31ac - 578?
2c34
In base 2, what is -101000101101000100 + 1010?
-101000101100111010
In base 10, what is 129624 - -85?
129709
In base 8, what is -6343357 + -14?
-6343373
In base 13, what is 7 - -66cab3?
66caba
In base 3, what is -2021001 - -1020022200011?
1020020102010
In base 2, what is 110100011010 - -1000011100000?
1110111111010
In base 15, what is 1ba3a + b?
1ba46
In base 7, what is 14646 - 13311?
1335
In base 13, what is 5 - -83bbb3?
83bbb8
In base 7, what is 13662 - 3343?
10316
In base 13, what is 1b9 - 3b278?
-3b08c
In base 7, what is -2 + -26645401?
-26645403
In base 6, what is -1044 + 4350233?
4345145
In base 3, what is 1022120 + 10000202?
11100022
In base 11, what is -260904 + -8?
-260911
In base 14, what is 1b7cd1 - 1cd?
1b7b02
In base 3, what is 12 - -2010201121200211?
2010201121201000
In base 9, what is -63 + 2152356?
2152283
In base 5, what is 0 - -2002304013?
2002304013
In base 9, what is 15803 - 2525?
13267
In base 7, what is -3 + -304134501?
-304134504
In base 16, what is 1d + 3a01a?
3a037
In base 16, what is -115bf - -3fa?
-111c5
In base 3, what is 1002022110 + -1121101?
1000201002
In base 15, what is -2419a134 - -3?
-2419a131
In base 6, what is 1014200430 + -4?
1014200422
In base 2, what is 110111010010101111001 - 111100?
110111010010100111101
In base 7, what is 2 + -1545323?
-1545321
In base 8, what 